4*f - 7 - 4, -f = -m*n - 36. Determine i(n).
-1
Let c be 41/5 - (38/(-10) + 3). Let q(x) = -c*x + x**2 - 53 - 43 + 104. Calculate q(7).
-6
Let h be ((-14)/4)/(22/(6 + 38)). Let i(n) = -3*n**2 - 21*n + 18. Give i(h).
18
Let s(o) = -o**3 - 20*o**2 - 34*o + 43. Let l be ((-162)/(-135))/((32/30)/(-1) + 1). What is s(l)?
7
Suppose 4*c - 5*x - 26 = -10*x, 12 = c + 4*x. Let y(g) be the third derivative of 0*g + 1/24*g**4 + 0 - 7/6*g**3 + g**2. What is y(c)?
-3
Suppose 29*y - 16 = -2*a + 24*y, -a = -y + 6. Let c(z) = 17*z**2 - 2*z. Determine c(a).
72
Let z(o) = -o**2 + 24*o + 12. Suppose 58*w + 55 = 61*w + 4*x, -w + 40 = -3*x. Give z(w).
-13
Let j(x) be the first derivative of -x**6/120 - x**5/60 - x**4/8 - x**3/2 + 73*x**2/2 - 96. Let t(d) be the second derivative of j(d). What is t(-2)?
7
Let c(v) = 1 - 1 + 38*v + 1. Suppose 298*k = 140*k - 158. Determine c(k).
-37
Let c(i) = 2*i**2 + 13*i + 34. Let r(t) = 3*t**2 + 25*t + 61. Let d(v) = -5*c(v) + 3*r(v). What is d(-6)?
-83
Let x(b) = -479*b + 960. Let t be x(2). Let u(r) = 3*r**2 + 4*r - 1. What is u(t)?
19
Let d(b) = b**2 + 9*b - 5. Let v be (-8)/20 + (-57)/(-5). Suppose -6*c + 545 = -217. Suppose -v*z = c - 50. Determine d(z).
-19
Suppose 19*q = 30*q - 22. Let x(n) = -5*n**3 - 606*n + q*n**2 + 4*n**3 + 609*n. What is x(3)?
0
Let c = -8 - -14. Let j be 1 + 2 + 0 + -1 - 1. Let l(x) = 7*x + 58*x**2 + j - 115*x**2 + 62*x**2 - x**3. What is l(c)?
7
Let v(d) = -d**2 - 2*d - 2. Suppose 10 = 64*a - 69*a. Calculate v(a).
-2
Let g(w) = 6*w**3 + 5*w**2 - 2*w. Suppose -1370*s + 5 = -1359*s - 28. Calculate g(s).
201
Let t(g) = -3*g + 1. Suppose 6*z - 9*z = -12. Let a(c) be the third derivative of -c**4/8 + c**3/3 + 3*c**2. Let x(v) = z*a(v) - 3*t(v). What is x(5)?
-10
Let u(w) = w**3 - 6*w**2 - 6. Let y = -33 + 61. Suppose 24 = 4*i + y. Let x be -4 + 11 + (2 - (4 + i)). Calculate u(x).
-6
Let v(x) = -x**3 + 9*x**2 + 11*x - 9. Suppose -351*o - 60 = -357*o. Let i be v(o). Let l(r) = 20*r**3 + r**2 - 2*r + 1. Determine l(i).
20
Let i(q) = 481*q**2 + 485*q**2 + q + 9 - 973*q**2 - 8. What is i(-1)?
-7
Let t(q) = -9*q + 76. Let s(o) = -20*o + 157. Let l(i) = -6*s(i) + 13*t(i). Calculate l(-18).
-8
Suppose w = -4*x + 36, -32 = -5*w + 3*x - 105. Let y(g) be the second derivative of g**4/12 + g**3 - 9*g**2/2 + g. Calculate y(w).
7
Suppose 2*c + 16 = 4. Let w = -1 - c. Let b(d) = -61 - 52 - 3*d + 115. What is b(w)?
-13
Let p(z) = -566*z - 572. Let g be p(-1). Let m(l) = 2*l**3 + 11*l**2 - 9*l - 7. Determine m(g).
11
Let h be ((-8)/(-10))/((-11)/(-55)). Suppose v + 4 = -h*v - m, 0 = -4*m - 16. Let n(l) = l**2 + l + 21. Determine n(v).
21
Let g(t) = t**3 + 7*t**2 + 18*t + 59. Let x be 15*(12/45)/((-68)/102). Calculate g(x).
-13
Let t(d) = 949*d**2 - 950*d**2 - 3*d + 7 - 8*d - 2*d. What is t(-8)?
47
Let a(d) = -17*d**2 - d. Let w = -149 - -305. Suppose -9 = -147*q + w*q. Determine a(q).
-16
Let s(q) = q**2 - 6*q + 7. Let c = 265 - 363. Let t = c + 103. Determine s(t).
2
Let y(s) = 5*s. Let j = 0 + 1. Let g(i) = -i. Let q(c) = j*y(c) + 4*g(c). Let r = -19337 - -19330. Calculate q(r).
-7
Suppose 0 = 4*d - 5*j - 43, j + 38 = 20*d - 15*d. Let n(l) = 2*l**2 - 21*l + 8. Let m(w) = -w**2 + 11*w - 4. Let v(z) = 7*m(z) + 4*n(z). What is v(d)?
4
Let b(a) = -5*a**2 + 3*a + 8. Let n(g) = 4*g + 9 - 12*g**2 - 9*g**2 + 15*g**2. Let r(k) = 7*b(k) - 6*n(k). Let x(c) be the first derivative of r(c). Give x(-5).
-13
Let v(w) = -13 - 12*w**2 - 1 + 4 + w**3 + 1. Let c be 13 - 10/20*2. Give v(c).
-9
Let b(k) be the first derivative of k**3/3 - k**2 - k + 40. Let x = -441 - -445. Calculate b(x).
7
Let b(d) = d + 1. Suppose w - 34 = -w + n, -3*w + 50 = -2*n. Let t(s) = s - 15. Let j be t(w). Suppose z = 2*r - 21, 5*z - 1 = -j*r - 2. Calculate b(r).
9
Suppose 76 = n + z + 88, 5*z + 45 = -2*n. Let c(h) = -h**2 + 4*h + 2. Give c(n).
-43
Let w(p) = -p - 487 - 493 + 974. Determine w(9).
-15
Let m = 82 + -71. Let c(g) = -34 + g + 16 + m. Give c(11).
4
Let f(c) = -8 - 5*c + 11 - c + c + 13. Calculate f(-6).
46
Suppose 112*y = 20*y - 2300. Let j(q) = -q**2 - 26*q - 15. Calculate j(y).
10
Let l(f) = 4*f**2 - 32*f + 67. Let j(s) = 234*s - 3740. Let r be j(16). Give l(r).
3
Let g(h) be the second derivative of 4*h**3/3 + 6*h**2 + 1400*h. Calculate g(-4).
-20
Let n(x) be the second derivative of -13*x**3/6 + 18*x - 7. Calculate n(0).
0
Let c(i) = -i**3 - 7*i**2 + 15*i - 3. Let v(w) = -w - 4. Let r(n) = -c(n) + 5*v(n). Give r(-9).
1
Let q(c) = -c**2 - 8*c - 8. Suppose 0*z + 3*z - 71 = -4*o, 80 = 5*o + 2*z. Suppose 2*u + 41 = -5*j, j - 4*u = -3 - o. Calculate q(j).
-17
Suppose 0 = 4*z - 16, -44*a + 49*a - z - 16 = 0. Let p(k) be the second derivative of 1/6*k**a + 24*k + 0 - 1/6*k**3 - k**2. Calculate p(2).
4
Let j(m) = -m - 68553*m**3 + 2 - 68556*m**3 - 2*m**2 + 137079*m**3. Determine j(1).
-31
Suppose 4*o + 13 - 37 = 0. Let s(w) be the first derivative of -7*w - 167 - 1/2*w**2. Calculate s(o).
-13
Let g(b) be the first derivative of -3 + 1/2*b**2 + 0*b. Suppose 0 = 5*o + 4*m - 2*m - 25, -4*m + 23 = o. Give g(o).
3
Let p(u) = 4*u**3 + 2*u**2 - 4*u + 41. Let t(c) = -9*c**3 - 5*c**2 + 9*c - 83. Let i(w) = -7*p(w) - 3*t(w). Suppose -7*d = 7*d. Give i(d).
-38
Let r be (6 - 8)/((-1)/(-2)). Let b(h) = 12. Let g(f) = -f**2 - 4*f + 131. Let y(o) = 22*b(o) - 2*g(o). Determine y(r).
2
Let u(z) = -z**2 + 12*z + 16. Let v = 69 - 66. Let n be -4 - (-17 - 0/v). What is u(n)?
3
Let l(o) = -3*o - 60. Let r be l(-22). Let s(w) = r + 4*w - 11*w + 17 + 10*w. Determine s(-7).
2
Let j(h) = h**2 - 5*h + 5. Suppose -5*b + 30 = o, -3*o = 18 - 3. Suppose 0 = 2*i - 5*t - 18, 3*i + b = -3*t + 13. What is j(i)?
1
Let i(p) = 12*p**2 + 12*p**2 - 1 + 2 - 2. Let m(y) = -y**3 + 29*y**2 - 41*y + 100. Let r be m(27). Let d = 452 - r. Calculate i(d).
23
Let j(x) be the second derivative of x**5/20 - 7*x**4/6 + 4*x**3 + 8*x**2 + 2512*x. Give j(12).
16
Let h = 297 - 296. Let m(y) = 4*y**2 - 13*y + 13. Let t(q) = q**2 - q + 1. Let r(x) = h*m(x) - 5*t(x). Calculate r(-9).
-1
Let q(k) = 678*k + k**2 - 2*k**2 - 747*k - 77 + 0*k**2 - k**2. Determine q(-33).
22
Let z(k) = -k**3 + 6*k**2 - 18*k + 4. Let s(h) = -h**3 + 6*h**2 - 15*h + 6. Let a(v) = 4*s(v) - 3*z(v). Determine a(5).
7
Let t(z) = z**3 + 15*z**2 - 61*z - 129. Let g be t(-18). Let x(o) = -3*o**3 - o**2 + 9*o. What is x(g)?
45
Suppose -15*w + 2*w - 91 = 0. Let v(s) be the second derivative of 1/6*s**3 - 40*s + 0 - 7/2*s**2. Calculate v(w).
-14
Let s(a) = -4*a - 42. Suppose -2*y + m = 28, 7*y + m + 124 = -2*m. What is s(y)?
22
Let l be 4/(1/((-1)/(-2))). Let u(g) be the third derivative of g**5/60 + g**2 - 4203*g. Give u(l).
4
Let l(f) = -f**2 + 8*f - 6. Suppose -550 = -27*k + 44. Suppose -k = -5*p + 13. Calculate l(p).
1
Let x(a) = 7*a + 1. Let q(g) = g**3 + 15*g**2 + 13*g - 12. Suppose -53 - 7 = 3*d. Let w be (-2)/(3 - (0 + d/(-7))). Let n be q(w). Determine x(n).
15
Let j(z) = 2*z**2 + 35*z + 1. Let v(s) = -12*s**2 - 119*s - 5. Let h(t) = -4*j(t) - v(t). Give h(4).
-19
Let k = -62 + 39. Let t = -21 - k. Let b(p) = -3*p - 5 + 4*p + p**t - 5*p. Give b(6).
7
Suppose 6*y - 24*y + 20*y - 35*y = 0. Let f(x) be the second derivative of -x**5/20 + x**4/12 - x**2 - 13*x. Calculate f(y).
-2
Suppose 0 = 11*s - 30689 + 30700. Let u(j) = 20*j + 21. What is u(s)?
1
Let o(t) be the third derivative of t**4/24 + t**3/2 + t**2. Let m be ((-78)/(-15))/(4/10). Suppose 5*d + 2*h = 2*d - m, -d = 4*h + 1. Calculate o(d).
-2
Let p(n) = 65*n + 58. Let z = -17541 - -17540. Give p(z).
-7
Let w(u) = 82*u + 81*u + 87*u - 341*u - 56 + 85*u. Determine w(-9).
-2
Let x(g) = 16*g**2 - 12*g + 148. Let v(p) = 14*p**2 - 11*p + 146. Let b(n) = 9*v(n) - 8*x(n). Give b(-9).
-5
Let l(q) = 0*q + q - 4 + 5 + 0. Let h(s) = s. Let k(u) = h(u) + 2*l(u). Suppose 0*v + 6 = v. Determine k(v).
20
Let g = 13 - 18. Let d(j) = -3*j**2 - j - 1. Let c(y) = 14*y**2 + y. Let z(f) = -c(f) - 5*d(f). Give z(g).
10
Let l(n) = 10*n - 22*n + 5*n + 6 - 1 + 5*n. What is l(4)?
-3
Let k(o) = o**3 - 7*o**2 + 4*o - 5. Suppose 3*t = 9 + 3. Suppose -t*u = -5*u + 16. Suppose 0 = -11*r + u*r - 30. What is k(r)?
-17
Let m(a) = -20*a + 99. Let v(b) = 39*b - 248. Let h(y) = 14*m(y) + 6*v(y). Calculate h(-2).
-10
Let s(y) = -874 - 878 - 872 - 5*y + 6*y**2 + 2623 - y**3. Let k be (-4)/3*-3 - -1. What is s(k)?
-1